{"id":264,"date":"2016-09-02T02:56:53","date_gmt":"2016-09-02T02:56:53","guid":{"rendered":"http:\/\/loisirslavalouest.org\/Site2016\/?page_id=264"},"modified":"2025-08-18T18:19:24","modified_gmt":"2025-08-18T18:19:24","slug":"conseil-dadministration-2016-2017","status":"publish","type":"page","link":"http:\/\/www.LOISIRSLAVALOUEST.ORG\/?page_id=264","title":{"rendered":"CONSEIL D&#8217;ADMINISTRATION 2019-2020"},"content":{"rendered":"<h1 align=\"center\"><\/h1>\n<table style=\"border: none;\">\n<tbody>\n<tr>\n<td style=\"border: none;\"><b><span style=\"font-size: x-large; color: #000000;\">Pr\u00e9sidente<\/span><\/b><\/td>\n<\/tr>\n<tr>\n<td style=\"border: none;\"><img loading=\"lazy\" decoding=\"async\" src=\"http:\/\/loisirslavalouest.org\/Site2016\/wp-content\/uploads\/2019\/01\/Nella_janvier_2019-234x300.png\" alt=\"Nella_janvier_2019\" width=\"117\" height=\"150\" class=\"alignleft size-medium wp-image-1863\"><\/td>\n<\/tr>\n<tr>\n<td style=\"border: none;\"><b><span style=\"font-size: large; color: #000000;\">Nella Zuccaro 438 887-8511<\/span><\/b><\/td>\n<\/tr>\n<\/tbody>\n<\/table>\n<hr>\n<table style=\"border: none;\">\n<tbody>\n<tr>\n<td style=\"border: none;\"><b><span style=\"font-size: x-large; color: #000000;\">1<sup>\u00e8re<\/sup> Vice-Pr\u00e9sidente<\/span><\/b><\/td>\n<\/tr>\n<tr>\n<td style=\"border: none;\"><img loading=\"lazy\" decoding=\"async\" src=\"http:\/\/loisirslavalouest.org\/Site2016\/wp-content\/uploads\/2017\/08\/JulieFradette2017.jpg\" alt=\"JulieFradette2017\" width=\"115\" height=\"133\" class=\"alignleft size-full wp-image-1075\"><\/td>\n<\/tr>\n<tr>\n<td style=\"border: none;\"><b><span style=\"font-size: large; color: #000000;\">Julie Fradette 514 978-4050<\/span><\/b><\/td>\n<\/tr>\n<\/tbody>\n<\/table>\n<hr>\n<table style=\"border: none;\">\n<tbody>\n<tr>\n<td style=\"border: none;\"><b><span style=\"font-size: x-large; color: #000000;\">2<sup>i\u00e8me<\/sup> Vice-Pr\u00e9sidente<\/span><\/b><\/td>\n<\/tr>\n<tr>\n<td style=\"border: none;\"><img loading=\"lazy\" decoding=\"async\" src=\"http:\/\/loisirslavalouest.org\/Site2016\/wp-content\/uploads\/2017\/08\/SylvieGauthier-274x300.jpg\" alt=\"SylvieGauthier\" width=\"137\" height=\"150\" class=\"alignleft size-medium wp-image-997\" srcset=\"http:\/\/www.LOISIRSLAVALOUEST.ORG\/wp-content\/uploads\/2017\/08\/SylvieGauthier-274x300.jpg 274w, http:\/\/www.LOISIRSLAVALOUEST.ORG\/wp-content\/uploads\/2017\/08\/SylvieGauthier-937x1024.jpg 937w, http:\/\/www.LOISIRSLAVALOUEST.ORG\/wp-content\/uploads\/2017\/08\/SylvieGauthier-768x839.jpg 768w, http:\/\/www.LOISIRSLAVALOUEST.ORG\/wp-content\/uploads\/2017\/08\/SylvieGauthier.jpg 967w\" sizes=\"auto, (max-width: 137px) 100vw, 137px\" \/><\/td>\n<\/tr>\n<tr>\n<td style=\"border: none;\"><b><span style=\"font-size: large; color: #000000;\">Sylvie Gauthier 438 392-6551<\/span><\/b><\/td>\n<\/tr>\n<tr><\/tr>\n<\/tbody>\n<\/table>\n<hr>\n<table style=\"border: none;\">\n<tbody>\n<tr>\n<td style=\"border: none;\"><b><span style=\"font-size: x-large; color: #000000;\">Tr\u00e9sori\u00e8re<\/span><\/b><\/td>\n<\/tr>\n<tr>\n<td style=\"border: none;\"><img loading=\"lazy\" decoding=\"async\" src=\"http:\/\/loisirslavalouest.org\/Site2016\/wp-content\/uploads\/2017\/08\/AnneMichaud-255x300.jpg\" alt=\"AnneMichaud\" width=\"126\" height=\"150\" class=\"alignleft size-medium wp-image-990\"><\/td>\n<\/tr>\n<tr>\n<td style=\"border: none;\"><b><span style=\"font-size: large; color: #000000;\">Anne Michaud 450 627-3389<\/span><\/b><\/td>\n<\/tr>\n<\/tbody>\n<\/table>\n<hr>\n<table style=\"border: none;\">\n<tbody>\n<tr>\n<td style=\"border: none;\"><b><span style=\"font-size: x-large; color: #000000;\">Secr\u00e9taire<\/span><\/b><\/td>\n<\/tr>\n<tr>\n<td style=\"border: none;\"><img loading=\"lazy\" decoding=\"async\" src=\"http:\/\/www.LOISIRSLAVALOUEST.ORG\/wp-content\/uploads\/2020\/10\/Secretaire_occupee_2.png\" alt=\"Chantal_Fradette\" width=\"123\" height=\"150\" class=\"alignleft size-medium wp-image-216\">&nbsp;<\/p>\n<table style=\"border: none;\">\n<tbody>\n<tr>\n<td style=\"border: none;\"><b><span style=\"font-size: large; color: #000000;\">Chantal Fradette 263 382-3714<\/span><\/b><\/td>\n<\/tr>\n<\/tbody>\n<\/table>\n<hr>\n<table style=\"border: none;\">\n<tbody>\n<tr>\n<td style=\"border: none;\"><b><span style=\"font-size: x-large; color: #000000;\">Ressources Humaines<\/span><\/b><\/td>\n<\/tr>\n<tr>\n<td style=\"border: none;\"><img loading=\"lazy\" decoding=\"async\" src=\"http:\/\/loisirslavalouest.org\/Site2016\/wp-content\/uploads\/2017\/08\/Sophie-Gauthier-229x300.png\" alt=\"Sophie Gauthier\" width=\"116\" height=\"150\" class=\"alignleft size-medium wp-image-776\"><\/td>\n<\/tr>\n<tr>\n<td style=\"border: none;\"><b><span style=\"font-size: large; color: #000000;\">Sophie Gauthier 514 212-0395<\/span><\/b><\/td>\n<\/tr>\n<\/tbody>\n<\/table>\n<hr>\n<table style=\"border: none;\">\n<tbody>\n<tr>\n<td style=\"border: none;\"><b><span style=\"font-size: x-large; color: #000000;\">Directrice<\/span><\/b><\/td>\n<\/tr>\n<tr>\n<td style=\"border: none;\"><img loading=\"lazy\" decoding=\"async\" src=\"http:\/\/www.LOISIRSLAVALOUEST.ORG\/wp-content\/uploads\/2023\/12\/Marleyne_Turcotte.jpg\" alt=\"Marleyne Turcotte\" width=\"116\" height=\"150\" class=\"alignleft size-medium wp-image-1907\"><\/td>\n<\/tr>\n<tr>\n<td style=\"border: none;\"><b><span style=\"font-size: large; color: #000000;\">Marleyne Turcotte 450 962-8857<\/span><\/b><\/td>\n<\/tr>\n<\/tbody>\n<\/table>\n<hr>\n<p><!-- D\u00c9BUT DU COMMENTAIRE hr>\n\n<table style=\"border: none;\">\n\n\n<tbody>\n\n\n<tr>\n\n\n<td style=\"border: none;\"><b><span style=\"font-size: x-large; color: #000000;\">Directeur<\/span><\/b><\/td>\n\n\n<\/tr>\n\n\n\n\n<tr>\n\n\n<td style=\"border: none;\"><img loading=\"lazy\" decoding=\"async\" src=\"http:\/\/www.LOISIRSLAVALOUEST.ORG\/wp-content\/uploads\/2020\/09\/Rejean.png\" alt=\"R\u00e9jean Beaulieu\" width=\"116\" height=\"150\" class=\"alignleft size-medium wp-image-221\"><\/td>\n\n\n<\/tr>\n\n\n\n\n<tr>\n\n\n<td style=\"border: none;\"><b><span style=\"font-size: large; color: #000000;\">R\u00e9jean Beaulieu 450-962-1172<\/span><\/b><\/td>\n\n\n<\/tr>\n\n\n<\/tbody>\n\n\n<\/table FIN DU COMMENTAIRE --><\/td>\n<\/tr>\n<\/tbody>\n<\/table>\n","protected":false},"excerpt":{"rendered":"<p>Pr\u00e9sidente Nella Zuccaro 438 887-8511 1\u00e8re Vice-Pr\u00e9sidente Julie Fradette 514 978-4050 2i\u00e8me Vice-Pr\u00e9sidente Sylvie Gauthier 438 392-6551 Tr\u00e9sori\u00e8re Anne Michaud 450 627-3389 Secr\u00e9taire &nbsp; Chantal Fradette 263 382-3714 Ressources Humaines Sophie Gauthier 514 212-0395 Directrice Marleyne Turcotte 450 962-8857<\/p>\n","protected":false},"author":1,"featured_media":0,"parent":0,"menu_order":0,"comment_status":"closed","ping_status":"closed","template":"","meta":{"footnotes":""},"class_list":["post-264","page","type-page","status-publish","hentry"],"_links":{"self":[{"href":"http:\/\/www.LOISIRSLAVALOUEST.ORG\/index.php?rest_route=\/wp\/v2\/pages\/264","targetHints":{"allow":["GET"]}}],"collection":[{"href":"http:\/\/www.LOISIRSLAVALOUEST.ORG\/index.php?rest_route=\/wp\/v2\/pages"}],"about":[{"href":"http:\/\/www.LOISIRSLAVALOUEST.ORG\/index.php?rest_route=\/wp\/v2\/types\/page"}],"author":[{"embeddable":true,"href":"http:\/\/www.LOISIRSLAVALOUEST.ORG\/index.php?rest_route=\/wp\/v2\/users\/1"}],"replies":[{"embeddable":true,"href":"http:\/\/www.LOISIRSLAVALOUEST.ORG\/index.php?rest_route=%2Fwp%2Fv2%2Fcomments&post=264"}],"version-history":[{"count":9,"href":"http:\/\/www.LOISIRSLAVALOUEST.ORG\/index.php?rest_route=\/wp\/v2\/pages\/264\/revisions"}],"predecessor-version":[{"id":4196,"href":"http:\/\/www.LOISIRSLAVALOUEST.ORG\/index.php?rest_route=\/wp\/v2\/pages\/264\/revisions\/4196"}],"wp:attachment":[{"href":"http:\/\/www.LOISIRSLAVALOUEST.ORG\/index.php?rest_route=%2Fwp%2Fv2%2Fmedia&parent=264"}],"curies":[{"name":"wp","href":"https:\/\/api.w.org\/{rel}","templated":true}]}}