{"id":3568,"date":"2023-01-04T15:56:12","date_gmt":"2023-01-04T15:56:12","guid":{"rendered":"http:\/\/www.LOISIRSLAVALOUEST.ORG\/?page_id=3568"},"modified":"2025-12-27T07:38:25","modified_gmt":"2025-12-27T07:38:25","slug":"band-et-percussions","status":"publish","type":"page","link":"http:\/\/www.LOISIRSLAVALOUEST.ORG\/?page_id=3568","title":{"rendered":"Band Combo et Percussions &#8211; Hiver 2026"},"content":{"rendered":"<p><!--h3><center><strong>*** Mise \u00e0 jour \u00e0 venir bient\u00f4t pour session Hiver 2026 ***<\/strong><\/center><\/h3>\n\n\n\n\n<h4><center><strong>On travaille tr\u00e8s fort en ce moment pour faire la\nmise \u00e0 jour de cette page avec tous les d\u00e9tails tr\u00e8s bient\u00f4t ! \ud83d\ude42\nAlors, revenez voir cette page dans quelques jours !<\/strong><\/center><\/h4>\n\n\n<center><img loading=\"lazy\" decoding=\"async\" src=\"http:\/\/www.LOISIRSLAVALOUEST.ORG\/wp-content\/uploads\/2022\/01\/Montage_Image_gratuite_Pixabay_pris_3_janv_2022_pour_site_LoisirsLavalOuest_handyman_et_programming_1857236.jpg\" alt=\"Page en construction\" width=\"500\" height=\"600\" class=\"aligncenter size-large wp-image-216\"> <\/center><\/center>\n<\/center--><\/p>\n<div><img loading=\"lazy\" decoding=\"async\" class=\" wp-image-1796 aligncenter\" src=\"http:\/\/www.LOISIRSLAVALOUEST.ORG\/wp-content\/uploads\/2018\/08\/TamTam_Pixabay_FreePictdrum_151600_640-1.png\" alt=\"18893150_1048403825291606_3070190480425575978_n\" height=\"345\" width=\"229\"><\/div>\n<p><H6> &nbsp;<\/H6><\/p>\n<table>\n<tbody>\n<tr>\n<td style=\"background-color: #986044; border: 2px solid #000000;\" align=\"right\" width=\"30%\"><b><span style=\"color: white;\"> \u00c2GE &nbsp;<\/span><\/b><\/td>\n<td colspan= 2; style=\"background-color: #3cb371; border: 2px solid #000000\"><center><strong><font color=\"black\">16 ans et +<\/font><\/strong><\/center><\/td>\n<\/tr>\n<tr>\n<td style=\"background-color: #986044; border: 2px solid #000000;\" align=\"right\" width=\"30%\"><b><span style=\"color: white;\">JOUR &nbsp;<\/span><\/b><\/td>\n<td style=\"border: 2px solid #000000; width=\"35%\"><center><strong>Mercredi<\/strong><\/center><\/td>\n<td style=\"border: 2px solid #000000; width=\"35%\"><center><strong>Jeudi<\/strong><\/center><\/td>\n<\/tr>\n<tr>\n<td style=\"background-color: #986044; border: 2px solid #000000;\" align=\"right\" width=\"30%\"><b><span style=\"color: white;\">HEURE &nbsp;<\/span><\/b><\/td>\n<td style=\"border: 2px solid #000000; width=\"35%\"><center><strong>19 h 30<\/strong><\/center><\/td>\n<td style=\"border: 2px solid #000000; width=\"35%\"><center><strong>19 h 30<\/strong><\/center><\/td>\n<\/tr>\n<tr>\n<td style=\"background-color: #986044; border: 2px solid #000000;\" align=\"right\" width=\"30%\"><b><span style=\"color: white;\">CO\u00dbT** &nbsp;<\/span><\/b><\/td>\n<td colspan= 2; style=\"border: 2px solid #000000;\"><center><strong>72 $ &#8211; Mineur<br \/>\n108 $ &#8211; Adulte<\/strong><\/center><\/td>\n<\/tr>\n<tr>\n<td style=\"background-color: #986044; border: 2px solid #000000;\" align=\"right\" width=\"30%\"><b><span style=\"color: white;\">DUR\u00c9E DU COURS &nbsp;<\/span><\/b><\/td>\n<td style=\"border: 2px solid #000000; width=\"35%\"><center><strong>1 h 30<\/strong><\/center><\/td>\n<td style=\"border: 2px solid #000000; width=\"35%\"><center><strong>1 h 30<\/strong><\/center><\/td>\n<\/tr>\n<tr>\n<td style=\"background-color: #986044; border: 2px solid #000000;\" align=\"right\" width=\"30%\"><b><span style=\"color: white;\">NOMBRE DE SEMAINES &nbsp;<\/span><\/b><\/td>\n<td style=\"border: 2px solid #000000; width=\"35%\"><center><strong>12 semaines<\/strong><\/center><\/td>\n<td style=\"border: 2px solid #000000; width=\"35%\"><center><strong>12 semaines<\/strong><\/center><\/td>\n<\/tr>\n<tr>\n<td style=\"background-color: #986044; border: 2px solid #000000;\" align=\"right\" width=\"30%\"><b><span style=\"color: white;\">DUR\u00c9E TOTALE &nbsp;<\/span><\/b><\/td>\n<td style=\"border: 2px solid #000000; width=\"35%\"><center><strong>18 heures<\/strong><\/center><\/td>\n<td style=\"border: 2px solid #000000; width=\"35%\"><center><strong>18 heures<\/strong><\/center><\/td>\n<\/tr>\n<\/tbody>\n<\/table>\n<p><center><em><strong>** Sont consid\u00e9r\u00e9es mineures, les personnes de 17 ans et moins,<br \/>\net de 18 \u00e0 21 ans avec preuve \u00e9tudiante \u00e0 plein temps.<\/strong><\/em><\/center><\/p>\n<table>\n<tbody>\n<tr>\n<td style=\"background-color: #07793C; border: 2px solid #000000; text-align: right;\" align=\"right\" width=\"50%\"><span style=\"color: white;\"><b>PROFESSEUR &nbsp;&nbsp;<\/b><\/span><\/td>\n<td style=\"background-color: #ffffff; border: 2px solid #000000; text-align: left;\" align=\"left\" width=\"50%\"><span style=\"color: black;\"><b>&nbsp;&nbsp; Jean-Yves Bourgouin<\/b><\/span><\/td>\n<\/tr>\n<\/tbody>\n<\/table>\n<table>\n<tbody>\n<tr>\n<td colspan= 2; style=\"vertical-align: top; background-color: #ffffff; border: 2px solid #000000;\"><center><b><span style=\"color: black;\">Pour plus d&#8217;informations, svp contacter la personne responsable de ce cours :<\/span><\/b><\/center><\/td>\n<\/tr>\n<tr>\n<td rules=\"all\" style=\"vertical-align: top;background-color:#B8D6EC;border:2px solid #000000;\" width=\"50%\"><center><b><u>Mercredi soir<\/u><br \/>\nHugo Deschamps<\/b><\/center><\/td>\n<td rules=\"all\" style=\"vertical-align: top;background-color:#C8D59A;border:2px solid #000000;\" width=\"50%\"><center><b><u>Jeudi soir<\/u><br \/>\nHenrico Negro<\/b><\/center><\/td>\n<\/tr>\n<p><!--tr>\n\n\n<td rules=\"all\" style=\"vertical-align: top;background-color:#B8D6EC;border:2px solid #000000;\" width=\"50%\"><center><b>Hugo Deschamps<\/b><\/center><\/td>\n\n\n\n\n<td rules=\"all\" style=\"vertical-align: top;background-color:#C8D59A;border:2px solid #000000;\" width=\"50%\"><center><b>Henrico Negro<\/b><\/center><\/td>\n\n\n<\/tr-->\n<tr>\n<td style=\"background-color:#ffffff;border:2px solid #000000;\" width=\"50%\"><center><img loading=\"lazy\" decoding=\"async\" src=\"http:\/\/www.LOISIRSLAVALOUEST.ORG\/wp-content\/uploads\/2023\/08\/Photo_a_venir.jpg\" alt=\"Photo \u00e0 venir\" class=\"aligncenter size-medium wp-image-737\" height=\"135\" width=\"112\"><strong>T\u00e9l.: 438 505-4269<\/strong><\/center><\/td>\n<td style=\"background-color:#ffffff;border:2px solid #000000;\" width=\"50%\"><center><img loading=\"lazy\" decoding=\"async\" src=\"http:\/\/www.LOISIRSLAVALOUEST.ORG\/wp-content\/uploads\/2017\/08\/HenricoNegro.jpg\" alt=\"Henrico Negro\" width=\"116\" height=\"150\" alt=\"Henrico Negro\" align=\"middle\"><br \/>\n<strong>T\u00e9l.: 450 627-3472<br \/>\njfkt07@yahoo.fr<\/strong><\/center><\/td>\n<\/tr>\n<\/tbody>\n<\/table>\n<p><!-- D\u00c9BUT DE COMMENTAIRE - QUAND C'EST JUSTE 1 responsable \n\n\n<table>\n\n\n<tbody>\n\n\n<tr>\n\n\n<td colspan=\"2\" style=\"vertical-align: top; background-color: #FFFFFF; border: 2px solid #000000;\" width=\"100%\"><center><b><font color=\"black\">Pour plus d'informations, svp contacter la personne responsable de ce cours :<\/font><\/b><\/center><\/td>\n\n\n<\/tr>\n\n\n\n\n<tr>\n\n\n<td style=\"background-color: #C59D85; border: 2px solid #000000;\"><center><b><span style=\"color: 154360;\">Henrico Negro<\/span><\/b><\/center><\/td>\n\n\n<\/tr>\n\n\n\n\n<tr>\n\n\n<td style=\"border: 2px solid #000000;\"><center><img loading=\"lazy\" decoding=\"async\" class=\"aligncenter size-medium wp-image-776\" src=\"http:\/\/www.LOISIRSLAVALOUEST.ORG\/wp-content\/uploads\/2017\/08\/HenricoNegro.jpg\" alt=\"Henrico Negro\" width=\"116\" height=\"150\"><\/center><\/td>\n\n\n<\/tr>\n\n\n\n\n<tr>\n\n\n<td style=\"background-color: #C59D85; border: 2px solid #000000;\" width=\"100%\"><center><strong><span style=\"color: 154360;\">T\u00e9l.: 450 627-3472<\/span><\/strong><\/center><\/td>\n\n\n<\/tr>\n\n\n<\/tbody>\n\n\n<\/table>\n\n\nFIN DE COMMENTAIRE - QUAND C'EST JUSTE 1 responsable --><br \/>\n<!-- D\u00c9BUT DU COMMENTAIRE QUE C'EST UNE NOUVEAUT\u00c9 \n\n<h3><center><strong>&nbsp;&nbsp;\n<font color=\"red\">** NOUVEAUT\u00c9 **<\/font>\n&nbsp;&nbsp;<\/strong><\/center><\/h3>\n\n FIN DU COMMENTAIRE QUE C'EST UNE NOUVEAUT\u00c9--><\/p>\n","protected":false},"excerpt":{"rendered":"<p>&nbsp; \u00c2GE &nbsp; 16 ans et + JOUR &nbsp; Jeudi HEURE &nbsp; 19 h 30 CO\u00dbT** &nbsp; 72 $ &#8211; Mineur 108 $ &#8211; Adulte DUR\u00c9E DU COURS &nbsp; 1 h 30 NOMBRE DE SEMAINES &nbsp; 12 semaines DUR\u00c9E TOTALE &nbsp; 18 heures ** Sont consid\u00e9r\u00e9es mineures, les personnes de 17 ans et moins, et &hellip; <a href=\"http:\/\/www.LOISIRSLAVALOUEST.ORG\/?page_id=3568\" class=\"more-link\">Continue reading <span class=\"screen-reader-text\">Band Combo et Percussions &#8211; Hiver 2026<\/span><\/a><\/p>\n","protected":false},"author":2,"featured_media":0,"parent":0,"menu_order":0,"comment_status":"closed","ping_status":"closed","template":"","meta":{"footnotes":""},"class_list":["post-3568","page","type-page","status-publish","hentry"],"_links":{"self":[{"href":"http:\/\/www.LOISIRSLAVALOUEST.ORG\/index.php?rest_route=\/wp\/v2\/pages\/3568","targetHints":{"allow":["GET"]}}],"collection":[{"href":"http:\/\/www.LOISIRSLAVALOUEST.ORG\/index.php?rest_route=\/wp\/v2\/pages"}],"about":[{"href":"http:\/\/www.LOISIRSLAVALOUEST.ORG\/index.php?rest_route=\/wp\/v2\/types\/page"}],"author":[{"embeddable":true,"href":"http:\/\/www.LOISIRSLAVALOUEST.ORG\/index.php?rest_route=\/wp\/v2\/users\/2"}],"replies":[{"embeddable":true,"href":"http:\/\/www.LOISIRSLAVALOUEST.ORG\/index.php?rest_route=%2Fwp%2Fv2%2Fcomments&post=3568"}],"version-history":[{"count":17,"href":"http:\/\/www.LOISIRSLAVALOUEST.ORG\/index.php?rest_route=\/wp\/v2\/pages\/3568\/revisions"}],"predecessor-version":[{"id":4286,"href":"http:\/\/www.LOISIRSLAVALOUEST.ORG\/index.php?rest_route=\/wp\/v2\/pages\/3568\/revisions\/4286"}],"wp:attachment":[{"href":"http:\/\/www.LOISIRSLAVALOUEST.ORG\/index.php?rest_route=%2Fwp%2Fv2%2Fmedia&parent=3568"}],"curies":[{"name":"wp","href":"https:\/\/api.w.org\/{rel}","templated":true}]}}