{"id":53,"date":"2016-09-01T23:55:41","date_gmt":"2016-09-01T23:55:41","guid":{"rendered":"http:\/\/loisirslavalouest.org\/Site2016\/?page_id=53"},"modified":"2025-12-26T07:37:03","modified_gmt":"2025-12-26T07:37:03","slug":"arts-plastiques","status":"publish","type":"page","link":"http:\/\/www.LOISIRSLAVALOUEST.ORG\/?page_id=53","title":{"rendered":"Arts plastiques &#8211; Hiver 2026"},"content":{"rendered":"<p><!--h3><center><strong>*** Mise \u00e0 jour \u00e0 venir bient\u00f4t pour session Automne 2025 ***<\/strong><\/center><\/h3>\n\n\n\n\n<h4><center><strong>On travaille tr\u00e8s fort en ce moment pour faire la\nmise \u00e0 jour de cette page avec tous les d\u00e9tails tr\u00e8s bient\u00f4t ! \ud83d\ude42\nAlors, revenez voir cette page dans quelques jours !<\/strong><\/center><\/h4>\n\n\n<center><img loading=\"lazy\" decoding=\"async\" src=\"http:\/\/www.LOISIRSLAVALOUEST.ORG\/wp-content\/uploads\/2022\/01\/Montage_Image_gratuite_Pixabay_pris_3_janv_2022_pour_site_LoisirsLavalOuest_handyman_et_programming_1857236.jpg\" alt=\"Page en construction\" width=\"500\" height=\"600\" class=\"aligncenter size-large wp-image-216\"--><\/center><\/p>\n<h5><\/h5>\n<h1 align=\"center\"><img loading=\"lazy\" decoding=\"async\" class=\"alignnone size-medium wp-image-549\" src=\"http:\/\/loisirslavalouest.org\/Site2016\/wp-content\/uploads\/2016\/09\/ArtsPlastique-2-300x200.jpg\" alt=\"artsplastique-2\" width=\"250\" height=\"150\"><\/h1>\n<p><center><strong>Voici un cours o\u00f9 nous nous amusons \u00e0 approfondir<br \/>\net \u00e0 \u00e9largir nos connaissances sur l&#8217;art.<\/strong><\/center><\/p>\n<table>\n<tbody>\n<tr>\n<td style=\"background-color: #5858fa; border: 2px solid #000000;\" width=\"25%\"><center><b><span style=\"color: yellow;\"> \u00c2GE<\/span><\/b><\/center><\/td>\n<td style=\"background-color: #5858fa; border: 2px solid #000000;\" width=\"25%\"><center><b><span style=\"color: yellow;\">DUR\u00c9E DU COURS<\/span><\/b><\/center><\/td>\n<td style=\"background-color: #5858fa; border: 2px solid #000000;\" width=\"25%\"><center><b><span style=\"color: yellow;\">NOMBRE DE SEMAINES<\/span><\/b><\/center><\/td>\n<td style=\"background-color: #5858fa; border: 2px solid #000000;\" width=\"25%\"><center><b><span style=\"color: yellow;\">CO\u00dbT<\/span><\/b><\/center><\/td>\n<\/tr>\n<tr>\n<td style=\"border: 2px solid #000000;\"><center><strong>6 ans et + &nbsp;<\/strong><\/center><\/td>\n<td style=\"border: 2px solid #000000;\"><center><strong>1 h 00 &nbsp;<\/strong><\/center><\/td>\n<td style=\"border: 2px solid #000000;\"><center><strong>14 &nbsp;<\/strong><\/center><\/td>\n<td style=\"border: 2px solid #000000;\"><center><strong>61 $ &nbsp;<\/strong><\/center><\/td>\n<\/tr>\n<\/tbody>\n<\/table>\n<table>\n<tbody>\n<tr>\n<td style=\"background-color: #81f781; border: 2px solid #000000;\" align=\"center\" width=\"31%\"><b><span style=\"color: blue;\">JOUR<\/span><\/b><\/td>\n<td style=\"background-color: #81f781; border: 2px solid #000000;\" colspan=\"2\" align=\"center\" width=\"38%\"><center><b><span style=\"color: blue;\">HORAIRE DU COURS<\/span><\/b><\/center><\/td>\n<td style=\"background-color: #81f781; border: 2px solid #000000;\" align=\"center\" width=\"31%\"><center><b><span style=\"color: blue;\">DUR\u00c9E TOTALE<\/span><\/b><\/center><\/td>\n<\/tr>\n<tr>\n<td style=\"background-color: #ffffff; border: 2px solid #000000;\" align=\"center\" width=\"31%\"><b><strong>Samedi matin<\/strong><\/b><\/td>\n<td style=\"background-color: #ffffff; border: 2px solid #000000;\" colspan=\"2\" align=\"center\" width=\"38%\"><strong>&nbsp;11 h 15<br \/>\n12 h 15<br \/>\n<em>(horaire \u00e0 confirmer)<\/em><\/strong><\/td>\n<td style=\"background-color: #ffffff; border: 2px solid #000000;\" colspan=\"2\" align=\"center\" width=\"31%\"><b><strong>&nbsp;14 heures<\/strong><\/b><\/td>\n<\/tr>\n<\/tbody>\n<\/table>\n<table>\n<tbody>\n<tr>\n<td style=\"background-color: #ffbf00; border: 2px solid #000000;\" align=\"right\" width=\"50%\"><b><span style=\"color: b4045f;\">PROFESSEURE<\/span> &nbsp;&nbsp;<\/b><\/td>\n<td style=\"border: 2px solid #000000;\">&nbsp;&nbsp; <strong>Gabrielle Dup\u00e9r\u00e9<\/strong><\/td>\n<\/tr>\n<\/tbody>\n<\/table>\n<table>\n<tbody>\n<tr>\n<td style=\"vertical-align: top; background-color: #ffffff; border: 2px solid #000000;\" width=\"100%\"><center><b><span style=\"color: black;\">Pour plus d&#8217;informations, svp contacter la personne responsable de ce cours :<\/span><\/b><\/center><\/td>\n<\/tr>\n<tr>\n<td style=\"background-color: #5858fa; border: 2px solid #000000;\"><center><b><span style=\"color: yellow;\">R\u00e9jean Beaulieu<\/span><\/b><\/center><\/td>\n<\/tr>\n<tr>\n<td style=\"border: 2px solid #000000;\"><center><img loading=\"lazy\" decoding=\"async\" src=\"http:\/\/www.LOISIRSLAVALOUEST.ORG\/wp-content\/uploads\/2020\/09\/Rejean.png\" alt=\"R\u00e9jean Beaulieu\" width=\"116\" height=\"150\" class=\"aligncenter size-medium wp-image-221\"><\/center><\/td>\n<\/tr>\n<tr>\n<td style=\"background-color: #5858fa; border: 2px solid #000000;\" width=\"100%\"><center><strong><span style=\"color: yellow;\">T\u00e9l.: 450 962-1172<\/span><\/strong><\/center><\/td>\n<\/tr>\n<\/tbody>\n<\/table>\n","protected":false},"excerpt":{"rendered":"<p>Voici un cours o\u00f9 nous nous amusons \u00e0 approfondir et \u00e0 \u00e9largir nos connaissances sur l&#8217;art. \u00c2GE DUR\u00c9E DU COURS NOMBRE DE SEMAINES CO\u00dbT 6 ans et + &nbsp; 1 h 00 &nbsp; 14 &nbsp; 61 $ &nbsp; JOUR HORAIRE DU COURS DUR\u00c9E TOTALE Samedi matin &nbsp;11 h 15 12 h 15 (horaire \u00e0 confirmer) &hellip; <a href=\"http:\/\/www.LOISIRSLAVALOUEST.ORG\/?page_id=53\" class=\"more-link\">Continue reading <span class=\"screen-reader-text\">Arts plastiques &#8211; Hiver 2026<\/span><\/a><\/p>\n","protected":false},"author":1,"featured_media":0,"parent":0,"menu_order":0,"comment_status":"closed","ping_status":"closed","template":"","meta":{"footnotes":""},"class_list":["post-53","page","type-page","status-publish","hentry"],"_links":{"self":[{"href":"http:\/\/www.LOISIRSLAVALOUEST.ORG\/index.php?rest_route=\/wp\/v2\/pages\/53","targetHints":{"allow":["GET"]}}],"collection":[{"href":"http:\/\/www.LOISIRSLAVALOUEST.ORG\/index.php?rest_route=\/wp\/v2\/pages"}],"about":[{"href":"http:\/\/www.LOISIRSLAVALOUEST.ORG\/index.php?rest_route=\/wp\/v2\/types\/page"}],"author":[{"embeddable":true,"href":"http:\/\/www.LOISIRSLAVALOUEST.ORG\/index.php?rest_route=\/wp\/v2\/users\/1"}],"replies":[{"embeddable":true,"href":"http:\/\/www.LOISIRSLAVALOUEST.ORG\/index.php?rest_route=%2Fwp%2Fv2%2Fcomments&post=53"}],"version-history":[{"count":30,"href":"http:\/\/www.LOISIRSLAVALOUEST.ORG\/index.php?rest_route=\/wp\/v2\/pages\/53\/revisions"}],"predecessor-version":[{"id":4242,"href":"http:\/\/www.LOISIRSLAVALOUEST.ORG\/index.php?rest_route=\/wp\/v2\/pages\/53\/revisions\/4242"}],"wp:attachment":[{"href":"http:\/\/www.LOISIRSLAVALOUEST.ORG\/index.php?rest_route=%2Fwp%2Fv2%2Fmedia&parent=53"}],"curies":[{"name":"wp","href":"https:\/\/api.w.org\/{rel}","templated":true}]}}